{"id":145,"date":"2022-11-30T18:55:44","date_gmt":"2022-11-30T17:55:44","guid":{"rendered":"http:\/\/dws.dbr3.de\/?page_id=145"},"modified":"2023-05-17T16:13:39","modified_gmt":"2023-05-17T14:13:39","slug":"zubehoer","status":"publish","type":"page","link":"https:\/\/www.dws-gmbh.de\/?page_id=145","title":{"rendered":"Zubeh\u00f6r"},"content":{"rendered":"\n<h2 class=\"wp-block-heading\">Zubeh\u00f6r<\/h2>\n\n\n\n<h3 class=\"wp-block-heading\">Unser Zubeh\u00f6rprogramm ist auf unsere Produkte abgestimmt und bietet Ihnen eine komfortable Montage, sicheren Stand und lange Haltbarkeit.<\/h3>\n\n\n\n<p>Wir bieten Ihren Kunden zahlreiche M\u00f6glichkeiten, unsere Dielen, Barfu\u00df-Fliesen und Zaunserien in ihr Gartenambiente einzubinden. Dazu z\u00e4hlen auch unsere vielf\u00e4ltigen Befestigungsm\u00f6glichkeiten und Zubeh\u00f6rteile, die bestens auf unsere Produkte abgestimmt sind.<\/p>\n\n\n\n<p>Diese umfassen z. B. unterschiedliche Alu-Pfosten und Pfostenkappen, Pfostentr\u00e4ger zum Einbetonieren oder zum Verschrauben, Zaunhalter zur verdeckten und offenen Befestigung, Clips und Unterkonstruktionen zum Fixieren unserer Dielen &#8211; die M\u00f6glichkeiten sind vielf\u00e4ltig.<br>Wie beraten Sie gerne!<\/p>\n","protected":false},"excerpt":{"rendered":"<p>Zubeh\u00f6r Unser Zubeh\u00f6rprogramm ist auf unsere Produkte abgestimmt und bietet Ihnen eine komfortable Montage, sicheren Stand und lange Haltbarkeit. Wir bieten Ihren Kunden zahlreiche M\u00f6glichkeiten, unsere Dielen, Barfu\u00df-Fliesen und Zaunserien in ihr Gartenambiente einzubinden. Dazu z\u00e4hlen auch unsere vielf\u00e4ltigen Befestigungsm\u00f6glichkeiten und Zubeh\u00f6rteile, die bestens auf unsere Produkte abgestimmt sind. Diese umfassen z. B. unterschiedliche Alu-Pfosten [&hellip;]<\/p>\n","protected":false},"author":1,"featured_media":668,"parent":9,"menu_order":0,"comment_status":"closed","ping_status":"closed","template":"zubehoer-template.php","meta":{"footnotes":""},"class_list":["post-145","page","type-page","status-publish","has-post-thumbnail","hentry"],"acf":[],"_links":{"self":[{"href":"https:\/\/www.dws-gmbh.de\/index.php?rest_route=\/wp\/v2\/pages\/145","targetHints":{"allow":["GET"]}}],"collection":[{"href":"https:\/\/www.dws-gmbh.de\/index.php?rest_route=\/wp\/v2\/pages"}],"about":[{"href":"https:\/\/www.dws-gmbh.de\/index.php?rest_route=\/wp\/v2\/types\/page"}],"author":[{"embeddable":true,"href":"https:\/\/www.dws-gmbh.de\/index.php?rest_route=\/wp\/v2\/users\/1"}],"replies":[{"embeddable":true,"href":"https:\/\/www.dws-gmbh.de\/index.php?rest_route=%2Fwp%2Fv2%2Fcomments&post=145"}],"version-history":[{"count":11,"href":"https:\/\/www.dws-gmbh.de\/index.php?rest_route=\/wp\/v2\/pages\/145\/revisions"}],"predecessor-version":[{"id":906,"href":"https:\/\/www.dws-gmbh.de\/index.php?rest_route=\/wp\/v2\/pages\/145\/revisions\/906"}],"up":[{"embeddable":true,"href":"https:\/\/www.dws-gmbh.de\/index.php?rest_route=\/wp\/v2\/pages\/9"}],"wp:featuredmedia":[{"embeddable":true,"href":"https:\/\/www.dws-gmbh.de\/index.php?rest_route=\/wp\/v2\/media\/668"}],"wp:attachment":[{"href":"https:\/\/www.dws-gmbh.de\/index.php?rest_route=%2Fwp%2Fv2%2Fmedia&parent=145"}],"curies":[{"name":"wp","href":"https:\/\/api.w.org\/{rel}","templated":true}]}}