{"id":274,"date":"2023-01-04T15:57:57","date_gmt":"2023-01-04T14:57:57","guid":{"rendered":"http:\/\/dws.dbr3.de\/?page_id=274"},"modified":"2023-04-07T16:54:37","modified_gmt":"2023-04-07T14:54:37","slug":"impressum","status":"publish","type":"page","link":"https:\/\/www.dws-gmbh.de\/?page_id=274","title":{"rendered":"Impressum"},"content":{"rendered":"\n<p><br><br><strong><strong>Impressum <\/strong><\/strong><br><br><br>DWS GmbH<br>Heidestra\u00dfe 90<br>25462 Rellingen<br>Deutschland<\/p>\n\n\n\n<p>Telefon: 04101-84 51 838<br>Telefax: 04101-84-51 839<\/p>\n\n\n\n<p>www.dws-gmbh.de<br>info (at) dws-gmbh.de<\/p>\n\n\n\n<p>Gesch\u00e4ftsf\u00fchrer: Wolfgang Schade<br>HRB 9353 PI Amtsgericht Pinneberg<br>USt.ID Nr.: DE199064898<\/p>\n\n\n\n<p>Haftungsausschluss<br>DWS GmbH kann, trotz gr\u00f6\u00dfter Sorgfalt beim Erstellen dieser Website, keine Gew\u00e4hr f\u00fcr Richtigkeit, Aktualit\u00e4t oder Vollst\u00e4ndigkeit der Inhalte \u00fcbernehmen.<br><br>Copyright \u00a9 2023 DWS GmbH<br>Gestaltung und Inhalte dieser Website sind urheberrechtlich gesch\u00fctzt. Die Vervielf\u00e4ltigung, Reproduktion oder Weiterverarbeitung der Inhalte bed\u00fcrfen der schriftlichen Genehmigung seitens der DWS GmbH. Es ist ferner nicht gestattet, die abgerufenen Informationen online oder auf anderen Medien weiterzuverarbeiten oder kommerziell zu nutzen.<br><br><\/p>\n","protected":false},"excerpt":{"rendered":"<p>Impressum DWS GmbHHeidestra\u00dfe 9025462 RellingenDeutschland Telefon: 04101-84 51 838Telefax: 04101-84-51 839 www.dws-gmbh.deinfo (at) dws-gmbh.de Gesch\u00e4ftsf\u00fchrer: Wolfgang SchadeHRB 9353 PI Amtsgericht PinnebergUSt.ID Nr.: DE199064898 HaftungsausschlussDWS GmbH kann, trotz gr\u00f6\u00dfter Sorgfalt beim Erstellen dieser Website, keine Gew\u00e4hr f\u00fcr Richtigkeit, Aktualit\u00e4t oder Vollst\u00e4ndigkeit der Inhalte \u00fcbernehmen. Copyright \u00a9 2023 DWS GmbHGestaltung und Inhalte dieser Website sind urheberrechtlich gesch\u00fctzt. [&hellip;]<\/p>\n","protected":false},"author":1,"featured_media":367,"parent":0,"menu_order":0,"comment_status":"closed","ping_status":"closed","template":"textpage-template.php","meta":{"footnotes":""},"class_list":["post-274","page","type-page","status-publish","has-post-thumbnail","hentry"],"acf":[],"_links":{"self":[{"href":"https:\/\/www.dws-gmbh.de\/index.php?rest_route=\/wp\/v2\/pages\/274","targetHints":{"allow":["GET"]}}],"collection":[{"href":"https:\/\/www.dws-gmbh.de\/index.php?rest_route=\/wp\/v2\/pages"}],"about":[{"href":"https:\/\/www.dws-gmbh.de\/index.php?rest_route=\/wp\/v2\/types\/page"}],"author":[{"embeddable":true,"href":"https:\/\/www.dws-gmbh.de\/index.php?rest_route=\/wp\/v2\/users\/1"}],"replies":[{"embeddable":true,"href":"https:\/\/www.dws-gmbh.de\/index.php?rest_route=%2Fwp%2Fv2%2Fcomments&post=274"}],"version-history":[{"count":10,"href":"https:\/\/www.dws-gmbh.de\/index.php?rest_route=\/wp\/v2\/pages\/274\/revisions"}],"predecessor-version":[{"id":881,"href":"https:\/\/www.dws-gmbh.de\/index.php?rest_route=\/wp\/v2\/pages\/274\/revisions\/881"}],"wp:featuredmedia":[{"embeddable":true,"href":"https:\/\/www.dws-gmbh.de\/index.php?rest_route=\/wp\/v2\/media\/367"}],"wp:attachment":[{"href":"https:\/\/www.dws-gmbh.de\/index.php?rest_route=%2Fwp%2Fv2%2Fmedia&parent=274"}],"curies":[{"name":"wp","href":"https:\/\/api.w.org\/{rel}","templated":true}]}}